the prime factors of 1316685.
3, 5, 61, 1439
List the prime factors of 4395259.
11, 463, 863
What are the prime factors of 234445?
5, 46889
List the prime factors of 20623200.
2, 3, 5, 13, 661
What are the prime factors of 1047690?
2, 3, 5, 7, 1663
What are the prime factors of 644146?
2, 322073
What are the prime factors of 26935167?
3, 7, 1282627
List the prime factors of 118076.
2, 7, 4217
List the prime factors of 549257.
549257
What are the prime factors of 131594?
2, 19, 3463
What are the prime factors of 319175?
5, 17, 751
What are the prime factors of 145851?
3, 61, 797
List the prime factors of 1645411.
97, 16963
What are the prime factors of 157568?
2, 1231
List the prime factors of 177825.
3, 5, 2371
What are the prime factors of 1701778?
2, 13, 29, 37, 61
List the prime factors of 2937665.
5, 587533
What are the prime factors of 586786?
2, 29, 67, 151
What are the prime factors of 442629?
3, 11, 17, 263
List the prime factors of 350179.
350179
List the prime factors of 250034.
2, 125017
List the prime factors of 140861.
7, 20123
List the prime factors of 178434.
2, 3, 23, 431
List the prime factors of 420478.
2, 17, 83, 149
List the prime factors of 6205108.
2, 7, 13, 17047
List the prime factors of 7576464.
2, 3, 7, 22549
What are the prime factors of 3053186?
2, 19, 80347
What are the prime factors of 664019?
664019
List the prime factors of 596655.
3, 5, 13259
What are the prime factors of 444777?
3, 37, 4007
List the prime factors of 13216832.
2, 97, 2129
What are the prime factors of 12010942?
2, 17, 353263
List the prime factors of 292634.
2, 146317
What are the prime factors of 613628?
2, 153407
What are the prime factors of 152182?
2, 76091
List the prime factors of 285584.
2, 13, 1373
What are the prime factors of 1733400?
2, 3, 5, 107
List the prime factors of 17147541.
3, 89, 64223
What are the prime factors of 77846?
2, 38923
What are the prime factors of 627904?
2, 9811
What are the prime factors of 19660585?
5, 7, 17, 173, 191
List the prime factors of 691890.
2, 3, 5, 23063
List the prime factors of 2878145.
5, 109, 5281
What are the prime factors of 9228656?
2, 576791
What are the prime factors of 1776056?
2, 222007
List the prime factors of 23478140.
2, 5, 7, 67, 2503
List the prime factors of 2842404.
2, 3, 236867
What are the prime factors of 3899243?
3899243
What are the prime factors of 5962683?
3, 79, 139, 181
What are the prime factors of 1126847?
1126847
What are the prime factors of 2567267?
53, 59, 821
List the prime factors of 5525050.
2, 5, 110501
What are the prime factors of 4359240?
2, 3, 5, 12109
List the prime factors of 129664.
2, 1013
What are the prime factors of 1210991?
79, 15329
What are the prime factors of 25333648?
2, 1583353
List the prime factors of 243317.
23, 71, 149
List the prime factors of 123702.
2, 3, 53, 389
What are the prime factors of 21092618?
2, 43, 59, 4157
List the prime factors of 4184664.
2, 3, 11, 131
What are the prime factors of 111076?
2, 7, 3967
List the prime factors of 3356065.
5, 19, 35327
List the prime factors of 600040.
2, 5, 7, 2143
What are the prime factors of 130883?
17, 7699
List the prime factors of 2476191.
3, 825397
List the prime factors of 8837146.
2, 1453, 3041
What are the prime factors of 692449?
41, 16889
List the prime factors of 50277.
3, 16759
List the prime factors of 882875.
5, 7, 1009
List the prime factors of 744020.
2, 5, 37201
What are the prime factors of 36172?
2, 9043
List the prime factors of 3019331.
7, 43, 1433
What are the prime factors of 1716210?
2, 3, 5, 19069
List the prime factors of 5791601.
73, 79337
What are the prime factors of 377272?
2, 7, 6737
What are the prime factors of 12117074?
2, 1637, 3701
What are the prime factors of 2055347?
7, 293621
List the prime factors of 15014497.
59, 173, 1471
List the prime factors of 172506.
2, 3, 28751
What are the prime factors of 7517866?
2, 3758933
What are the prime factors of 131304?
2, 3, 5471
What are the prime factors of 147927?
3, 13, 3793
List the prime factors of 103043.
103043
List the prime factors of 1196655.
3, 5, 79777
What are the prime factors of 2855463?
3, 13, 211, 347
List the prime factors of 195989.
37, 5297
What are the prime factors of 371298?
2, 3, 19, 3257
List the prime factors of 259625.
5, 31, 67
List the prime factors of 174021.
3, 19, 43, 71
List the prime factors of 6038445.
3, 5, 7, 131, 439
What are the prime factors of 30246019?
79, 382861
What are the prime factors of 285842?
2, 131, 1091
What are the prime factors of 5699355?
3, 5, 53, 67, 107
List the prime factors of 14796722.
2, 7398361
What are the prime factors of 84959?
7, 53, 229
What are the prime factors of 5286985?
5, 11, 97, 991
What are the prime factors of 581872?
2, 41, 887
List the prime factors of 821779.
7, 31, 541
List the prime factors of 2694329.
11, 244939
List the prime factors of 34485725.
5, 281, 4909
List the prime factors of 3217252.
2, 804313
List the prime factors of 16909128.
2, 3, 78283
What are the prime factors of 719665?
5, 31, 4643
What are the prime factors of 139026?
2, 3, 17, 29, 47
List the prime factors of 9959.
23, 433
What are the prime factors of 2801381?
11, 37, 6883
What are the prime factors of 752379?
3, 250793
List the prime factors of 2131496.
2, 19, 37, 379
What are the prime factors of 1582554?
2, 3, 263759
What are the prime factors of 8910637?
23, 239, 1621
List the prime factors of 816548.
2, 204137
List the prime factors of 265599.
3, 1093
List the prime factors of 15494763.
3, 5164921
List the prime factors of 230209.
7, 32887
List the prime factors of 55297.
11, 457
What are the prime factors of 535405?
5, 13, 8237
What are the prime factors of 36842222?
2, 18421111
List the prime factors of 65048.
2, 47, 173
List the prime factors of 1883304.
2, 3, 8719
List the prime factors of 1127954.
2, 19, 29683
List the prime factors of 39834177.
3, 13278059
What are the prime factors of 6978727?
7, 73, 1951
List the prime factors of 8644339.
11, 277, 2837
List the prime factors of 775111.
653, 1187
What are the prime factors of 26703968?
2, 19, 167, 263
What are the prime factors of 914783?
914783
List the prime factors of 43243.
83, 521
What are the prime factors of 11367256?
2, 557, 2551
What are the prime factors of 7699798?
2, 761, 5059
List the prime factors of 37335553.
17, 37, 59357
List the prime factors of 172909.
11, 1429
What are the prime factors of 1491859?
1491859
List the prime factors of 2120828.
2, 29, 47, 389
What are the prime factors of 710875?
5, 11, 47
What are the prime factors of 7290597?
3, 569, 4271
List the prime factors of 181270.
2, 5, 18127
What are the prime factors of 1112641?
71, 15671
List the prime factors of 63125.
5, 101
What are the prime factors of 2738897?
7, 521, 751
What are the prime factors of 188531?
7, 23, 1171
List the prime factors of 5323039.
59, 83, 1087
What are the prime factors of 32365?
5, 6473
What are the prime factors of 3016968?
2, 3, 125707
What are the prime factors of 7324901?
7324901
List the prime factors of 570050.
2, 5, 13, 877
What are the prime factors of 730067?
13, 89, 631
List the prime factors of 1085527.
19, 31, 97
List the prime factors of 4994563.
7, 713509
List the prime factors of 2196444.
2, 3, 183037
List the prime factors of 291838.
2, 41, 3559
List the prime factors of 227555.
5, 71, 641
List the prime factors of 387632.
2, 7, 3461
What are the prime factors of 2785911?
3, 928637
List the prime factors of 141981.
3, 7, 6761
List the prime factors of 5165970.
2, 3, 5, 172199
List the prime factors of 10862642.
2, 7, 19, 97, 421
What are the prime factors of 121899?
3, 179, 227
What are the prime factors of 65782?
2, 31, 1061
List the prime factors of 6808.
2, 23, 37
What are the prime factors of 4149527?
281, 14767
List the prime factors of 171200.
2, 5, 107
What are the prime factors of 10670035?
5, 2134007
What are the prime factors of 873203?
823, 1061
List the prime factors of 342317.
151, 2267
List the prime factors of 2635777.
23, 114599
What are the prime factors of 188171?
188171
List the prime factors of 4596779.
11, 509, 821
List the prime factors of 953583.
3, 47, 6763
What are the prime factors of 7614765?
3, 5, 169217
List the prime factors of 4709941.
47